{"id":647,"date":"2025-10-08T16:40:32","date_gmt":"2025-10-08T14:40:32","guid":{"rendered":"https:\/\/mmonnin.eleves.mediamatique.ch\/eportfolio_matis_monnin\/?page_id=647"},"modified":"2025-11-19T13:33:38","modified_gmt":"2025-11-19T12:33:38","slug":"affiche-rock-elvis-presley","status":"publish","type":"page","link":"https:\/\/mmonnin.eleves.mediamatique.ch\/eportfolio_matis_monnin\/affiche-rock-elvis-presley\/","title":{"rendered":"page_projet_affiche_rock_2"},"content":{"rendered":"\t\t<div data-elementor-type=\"wp-page\" data-elementor-id=\"647\" class=\"elementor elementor-647\" data-elementor-post-type=\"page\">\n\t\t\t\t<div class=\"elementor-element elementor-element-e6d26f5 e-flex e-con-boxed e-con e-parent\" data-id=\"e6d26f5\" data-element_type=\"container\" data-settings=\"{&quot;background_background&quot;:&quot;classic&quot;}\">\n\t\t\t\t\t<div class=\"e-con-inner\">\n\t\t<div class=\"elementor-element elementor-element-c6ac7e4 e-con-full e-flex e-con e-child\" data-id=\"c6ac7e4\" data-element_type=\"container\">\n\t\t\t\t<div class=\"elementor-element elementor-element-8eda895 elementor-widget elementor-widget-image\" data-id=\"8eda895\" data-element_type=\"widget\" data-widget_type=\"image.default\">\n\t\t\t\t\t\t\t\t\t\t\t\t\t\t\t<img decoding=\"async\" src=\"https:\/\/mmonnin.eleves.mediamatique.ch\/images_eportfolio_lien\/affiche_2_rock_elvis_presley.jpg\" title=\"\" alt=\"\" loading=\"lazy\" \/>\t\t\t\t\t\t\t\t\t\t\t\t\t\t\t<\/div>\n\t\t\t\t<\/div>\n\t\t<div class=\"elementor-element elementor-element-edfa554 e-con-full e-flex e-con e-child\" data-id=\"edfa554\" data-element_type=\"container\">\n\t\t\t\t<div class=\"elementor-element elementor-element-4672864 elementor-widget elementor-widget-heading\" data-id=\"4672864\" data-element_type=\"widget\" data-widget_type=\"heading.default\">\n\t\t\t\t\t<h2 class=\"elementor-heading-title elementor-size-default\">\u00c9pisode Elvis : Affiche au style d\u2019\u00e9poque<\/h2>\t\t\t\t<\/div>\n\t\t\t\t<div class=\"elementor-element elementor-element-f6e44eb elementor-widget elementor-widget-text-editor\" data-id=\"f6e44eb\" data-element_type=\"widget\" data-widget_type=\"text-editor.default\">\n\t\t\t\t\t\t\t\t\t<p data-start=\"134\" data-end=\"282\">Affiche r\u00e9alis\u00e9e dans le cadre d\u2019un <strong data-start=\"170\" data-end=\"189\">projet scolaire<\/strong> pour promouvoir un \u00e9pisode du podcast <em data-start=\"228\" data-end=\"250\">Les Origines du Rock<\/em> consacr\u00e9 \u00e0 <strong data-start=\"262\" data-end=\"279\">Elvis Presley<\/strong>.<\/p><p data-start=\"134\" data-end=\"282\"><br><\/p>\n<p data-start=\"284\" data-end=\"497\">Cr\u00e9\u00e9e avec <strong data-start=\"295\" data-end=\"313\">Adobe InDesign<\/strong>, elle s\u2019inspire du <strong data-start=\"333\" data-end=\"366\">style graphique des ann\u00e9es 50<\/strong>, en reprenant la <strong data-start=\"384\" data-end=\"411\">mise en page audacieuse<\/strong>, les <strong data-start=\"417\" data-end=\"435\">couleurs vives<\/strong> et la <strong data-start=\"442\" data-end=\"465\">typographie vintage<\/strong> caract\u00e9ristiques de l\u2019\u00e9poque.<\/p><p data-start=\"284\" data-end=\"497\"><br><\/p>\n<p data-start=\"499\" data-end=\"627\">Une <strong data-start=\"503\" data-end=\"529\">composition percutante<\/strong> qui rend hommage au <strong data-start=\"550\" data-end=\"558\">King<\/strong> et \u00e0 l\u2019<strong data-start=\"566\" data-end=\"610\">\u00e9nergie r\u00e9volutionnaire du rock \u2019n\u2019 roll<\/strong> de ses d\u00e9buts.<\/p>\t\t\t\t\t\t\t\t<\/div>\n\t\t\t\t<div class=\"elementor-element elementor-element-055c5b6 elementor-widget elementor-widget-heading\" data-id=\"055c5b6\" data-element_type=\"widget\" data-widget_type=\"heading.default\">\n\t\t\t\t\t<h2 class=\"elementor-heading-title elementor-size-default\">les comp\u00e9tences utilis\u00e9es<\/h2>\t\t\t\t<\/div>\n\t\t\t\t<div class=\"elementor-element elementor-element-076467e elementor-widget elementor-widget-html\" data-id=\"076467e\" data-element_type=\"widget\" data-widget_type=\"html.default\">\n\t\t\t\t\t<div class=\"skills-section\">\r\n  <div class=\"skill-card\">\r\n    <ul>\r\n\r\n      <li class=\"ic-indesign\">InDesign<\/li>\r\n    <\/ul>\r\n  <\/div>\r\n<\/div>\r\n\t\t\t\t<\/div>\n\t\t\t\t<div class=\"elementor-element elementor-element-4a5a169 contact-btn elementor-align-center elementor-widget elementor-widget-button\" data-id=\"4a5a169\" data-element_type=\"widget\" data-widget_type=\"button.default\">\n\t\t\t\t\t\t\t\t\t\t<a class=\"elementor-button elementor-button-link elementor-size-sm\" href=\"https:\/\/mmonnin.eleves.mediamatique.ch\/images_eportfolio_lien\/affiche%20rock_2_elvis_presley.pdf\" target=\"_blank\">\n\t\t\t\t\t\t<span class=\"elementor-button-content-wrapper\">\n\t\t\t\t\t\t\t\t\t<span class=\"elementor-button-text\">D\u00e9couvrir le projet complet<\/span>\n\t\t\t\t\t<\/span>\n\t\t\t\t\t<\/a>\n\t\t\t\t\t\t\t\t<\/div>\n\t\t\t\t<\/div>\n\t\t\t\t\t<\/div>\n\t\t\t\t<\/div>\n\t\t\t\t<\/div>\n\t\t","protected":false},"excerpt":{"rendered":"<p>\u00c9pisode Elvis : Affiche au style d\u2019\u00e9poque Affiche r\u00e9alis\u00e9e dans le cadre d\u2019un projet scolaire pour promouvoir un \u00e9pisode du podcast Les Origines du Rock consacr\u00e9 \u00e0 Elvis Presley. Cr\u00e9\u00e9e avec Adobe InDesign, elle s\u2019inspire du style graphique des ann\u00e9es 50, en reprenant la mise en page audacieuse, les couleurs vives et la typographie vintage [&hellip;]<\/p>\n","protected":false},"author":1,"featured_media":0,"parent":0,"menu_order":0,"comment_status":"closed","ping_status":"closed","template":"","meta":{"footnotes":""},"class_list":["post-647","page","type-page","status-publish","hentry"],"yoast_head":"<!-- This site is optimized with the Yoast SEO plugin v26.0 - https:\/\/yoast.com\/wordpress\/plugins\/seo\/ -->\n<title>page_projet_affiche_rock_2 - e-portfolio Matis Monnin<\/title>\n<meta name=\"description\" content=\"Affiche graphique inspir\u00e9e du rock moderne et d\u2019Elvis Presley, alliant typographie percutante et \u00e9nergie vintage.\" \/>\n<meta name=\"robots\" content=\"index, follow, max-snippet:-1, max-image-preview:large, max-video-preview:-1\" \/>\n<link rel=\"canonical\" href=\"https:\/\/mmonnin.eleves.mediamatique.ch\/eportfolio_matis_monnin\/affiche-rock-elvis-presley\/\" \/>\n<meta property=\"og:locale\" content=\"fr_FR\" \/>\n<meta property=\"og:type\" content=\"article\" \/>\n<meta property=\"og:title\" content=\"page_projet_affiche_rock_2 - e-portfolio Matis Monnin\" \/>\n<meta property=\"og:description\" content=\"Affiche graphique inspir\u00e9e du rock moderne et d\u2019Elvis Presley, alliant typographie percutante et \u00e9nergie vintage.\" \/>\n<meta property=\"og:url\" content=\"https:\/\/mmonnin.eleves.mediamatique.ch\/eportfolio_matis_monnin\/affiche-rock-elvis-presley\/\" \/>\n<meta property=\"og:site_name\" content=\"e-portfolio matis monnin\" \/>\n<meta property=\"article:modified_time\" content=\"2025-11-19T12:33:38+00:00\" \/>\n<meta property=\"og:image\" content=\"https:\/\/mmonnin.eleves.mediamatique.ch\/images_eportfolio_lien\/affiche_2_rock_elvis_presley.jpg\" \/>\n<meta name=\"twitter:card\" content=\"summary_large_image\" \/>\n<meta name=\"twitter:label1\" content=\"Dur\u00e9e de lecture estim\u00e9e\" \/>\n\t<meta name=\"twitter:data1\" content=\"1 minute\" \/>\n<script type=\"application\/ld+json\" class=\"yoast-schema-graph\">{\"@context\":\"https:\/\/schema.org\",\"@graph\":[{\"@type\":\"WebPage\",\"@id\":\"https:\/\/mmonnin.eleves.mediamatique.ch\/eportfolio_matis_monnin\/affiche-rock-elvis-presley\/\",\"url\":\"https:\/\/mmonnin.eleves.mediamatique.ch\/eportfolio_matis_monnin\/affiche-rock-elvis-presley\/\",\"name\":\"page_projet_affiche_rock_2 - e-portfolio Matis Monnin\",\"isPartOf\":{\"@id\":\"https:\/\/mmonnin.eleves.mediamatique.ch\/eportfolio_matis_monnin\/#website\"},\"primaryImageOfPage\":{\"@id\":\"https:\/\/mmonnin.eleves.mediamatique.ch\/eportfolio_matis_monnin\/affiche-rock-elvis-presley\/#primaryimage\"},\"image\":{\"@id\":\"https:\/\/mmonnin.eleves.mediamatique.ch\/eportfolio_matis_monnin\/affiche-rock-elvis-presley\/#primaryimage\"},\"thumbnailUrl\":\"https:\/\/mmonnin.eleves.mediamatique.ch\/images_eportfolio_lien\/affiche_2_rock_elvis_presley.jpg\",\"datePublished\":\"2025-10-08T14:40:32+00:00\",\"dateModified\":\"2025-11-19T12:33:38+00:00\",\"description\":\"Affiche graphique inspir\u00e9e du rock moderne et d\u2019Elvis Presley, alliant typographie percutante et \u00e9nergie vintage.\",\"breadcrumb\":{\"@id\":\"https:\/\/mmonnin.eleves.mediamatique.ch\/eportfolio_matis_monnin\/affiche-rock-elvis-presley\/#breadcrumb\"},\"inLanguage\":\"fr-FR\",\"potentialAction\":[{\"@type\":\"ReadAction\",\"target\":[\"https:\/\/mmonnin.eleves.mediamatique.ch\/eportfolio_matis_monnin\/affiche-rock-elvis-presley\/\"]}]},{\"@type\":\"ImageObject\",\"inLanguage\":\"fr-FR\",\"@id\":\"https:\/\/mmonnin.eleves.mediamatique.ch\/eportfolio_matis_monnin\/affiche-rock-elvis-presley\/#primaryimage\",\"url\":\"https:\/\/mmonnin.eleves.mediamatique.ch\/images_eportfolio_lien\/affiche_2_rock_elvis_presley.jpg\",\"contentUrl\":\"https:\/\/mmonnin.eleves.mediamatique.ch\/images_eportfolio_lien\/affiche_2_rock_elvis_presley.jpg\"},{\"@type\":\"BreadcrumbList\",\"@id\":\"https:\/\/mmonnin.eleves.mediamatique.ch\/eportfolio_matis_monnin\/affiche-rock-elvis-presley\/#breadcrumb\",\"itemListElement\":[{\"@type\":\"ListItem\",\"position\":1,\"name\":\"Accueil\",\"item\":\"https:\/\/mmonnin.eleves.mediamatique.ch\/eportfolio_matis_monnin\/\"},{\"@type\":\"ListItem\",\"position\":2,\"name\":\"page_projet_affiche_rock_2\"}]},{\"@type\":\"WebSite\",\"@id\":\"https:\/\/mmonnin.eleves.mediamatique.ch\/eportfolio_matis_monnin\/#website\",\"url\":\"https:\/\/mmonnin.eleves.mediamatique.ch\/eportfolio_matis_monnin\/\",\"name\":\"e-portfolio matis monnin\",\"description\":\"\",\"potentialAction\":[{\"@type\":\"SearchAction\",\"target\":{\"@type\":\"EntryPoint\",\"urlTemplate\":\"https:\/\/mmonnin.eleves.mediamatique.ch\/eportfolio_matis_monnin\/?s={search_term_string}\"},\"query-input\":{\"@type\":\"PropertyValueSpecification\",\"valueRequired\":true,\"valueName\":\"search_term_string\"}}],\"inLanguage\":\"fr-FR\"}]}<\/script>\n<!-- \/ Yoast SEO plugin. -->","yoast_head_json":{"title":"page_projet_affiche_rock_2 - e-portfolio Matis Monnin","description":"Affiche graphique inspir\u00e9e du rock moderne et d\u2019Elvis Presley, alliant typographie percutante et \u00e9nergie vintage.","robots":{"index":"index","follow":"follow","max-snippet":"max-snippet:-1","max-image-preview":"max-image-preview:large","max-video-preview":"max-video-preview:-1"},"canonical":"https:\/\/mmonnin.eleves.mediamatique.ch\/eportfolio_matis_monnin\/affiche-rock-elvis-presley\/","og_locale":"fr_FR","og_type":"article","og_title":"page_projet_affiche_rock_2 - e-portfolio Matis Monnin","og_description":"Affiche graphique inspir\u00e9e du rock moderne et d\u2019Elvis Presley, alliant typographie percutante et \u00e9nergie vintage.","og_url":"https:\/\/mmonnin.eleves.mediamatique.ch\/eportfolio_matis_monnin\/affiche-rock-elvis-presley\/","og_site_name":"e-portfolio matis monnin","article_modified_time":"2025-11-19T12:33:38+00:00","og_image":[{"url":"https:\/\/mmonnin.eleves.mediamatique.ch\/images_eportfolio_lien\/affiche_2_rock_elvis_presley.jpg","type":"","width":"","height":""}],"twitter_card":"summary_large_image","twitter_misc":{"Dur\u00e9e de lecture estim\u00e9e":"1 minute"},"schema":{"@context":"https:\/\/schema.org","@graph":[{"@type":"WebPage","@id":"https:\/\/mmonnin.eleves.mediamatique.ch\/eportfolio_matis_monnin\/affiche-rock-elvis-presley\/","url":"https:\/\/mmonnin.eleves.mediamatique.ch\/eportfolio_matis_monnin\/affiche-rock-elvis-presley\/","name":"page_projet_affiche_rock_2 - e-portfolio Matis Monnin","isPartOf":{"@id":"https:\/\/mmonnin.eleves.mediamatique.ch\/eportfolio_matis_monnin\/#website"},"primaryImageOfPage":{"@id":"https:\/\/mmonnin.eleves.mediamatique.ch\/eportfolio_matis_monnin\/affiche-rock-elvis-presley\/#primaryimage"},"image":{"@id":"https:\/\/mmonnin.eleves.mediamatique.ch\/eportfolio_matis_monnin\/affiche-rock-elvis-presley\/#primaryimage"},"thumbnailUrl":"https:\/\/mmonnin.eleves.mediamatique.ch\/images_eportfolio_lien\/affiche_2_rock_elvis_presley.jpg","datePublished":"2025-10-08T14:40:32+00:00","dateModified":"2025-11-19T12:33:38+00:00","description":"Affiche graphique inspir\u00e9e du rock moderne et d\u2019Elvis Presley, alliant typographie percutante et \u00e9nergie vintage.","breadcrumb":{"@id":"https:\/\/mmonnin.eleves.mediamatique.ch\/eportfolio_matis_monnin\/affiche-rock-elvis-presley\/#breadcrumb"},"inLanguage":"fr-FR","potentialAction":[{"@type":"ReadAction","target":["https:\/\/mmonnin.eleves.mediamatique.ch\/eportfolio_matis_monnin\/affiche-rock-elvis-presley\/"]}]},{"@type":"ImageObject","inLanguage":"fr-FR","@id":"https:\/\/mmonnin.eleves.mediamatique.ch\/eportfolio_matis_monnin\/affiche-rock-elvis-presley\/#primaryimage","url":"https:\/\/mmonnin.eleves.mediamatique.ch\/images_eportfolio_lien\/affiche_2_rock_elvis_presley.jpg","contentUrl":"https:\/\/mmonnin.eleves.mediamatique.ch\/images_eportfolio_lien\/affiche_2_rock_elvis_presley.jpg"},{"@type":"BreadcrumbList","@id":"https:\/\/mmonnin.eleves.mediamatique.ch\/eportfolio_matis_monnin\/affiche-rock-elvis-presley\/#breadcrumb","itemListElement":[{"@type":"ListItem","position":1,"name":"Accueil","item":"https:\/\/mmonnin.eleves.mediamatique.ch\/eportfolio_matis_monnin\/"},{"@type":"ListItem","position":2,"name":"page_projet_affiche_rock_2"}]},{"@type":"WebSite","@id":"https:\/\/mmonnin.eleves.mediamatique.ch\/eportfolio_matis_monnin\/#website","url":"https:\/\/mmonnin.eleves.mediamatique.ch\/eportfolio_matis_monnin\/","name":"e-portfolio matis monnin","description":"","potentialAction":[{"@type":"SearchAction","target":{"@type":"EntryPoint","urlTemplate":"https:\/\/mmonnin.eleves.mediamatique.ch\/eportfolio_matis_monnin\/?s={search_term_string}"},"query-input":{"@type":"PropertyValueSpecification","valueRequired":true,"valueName":"search_term_string"}}],"inLanguage":"fr-FR"}]}},"_links":{"self":[{"href":"https:\/\/mmonnin.eleves.mediamatique.ch\/eportfolio_matis_monnin\/wp-json\/wp\/v2\/pages\/647","targetHints":{"allow":["GET"]}}],"collection":[{"href":"https:\/\/mmonnin.eleves.mediamatique.ch\/eportfolio_matis_monnin\/wp-json\/wp\/v2\/pages"}],"about":[{"href":"https:\/\/mmonnin.eleves.mediamatique.ch\/eportfolio_matis_monnin\/wp-json\/wp\/v2\/types\/page"}],"author":[{"embeddable":true,"href":"https:\/\/mmonnin.eleves.mediamatique.ch\/eportfolio_matis_monnin\/wp-json\/wp\/v2\/users\/1"}],"replies":[{"embeddable":true,"href":"https:\/\/mmonnin.eleves.mediamatique.ch\/eportfolio_matis_monnin\/wp-json\/wp\/v2\/comments?post=647"}],"version-history":[{"count":34,"href":"https:\/\/mmonnin.eleves.mediamatique.ch\/eportfolio_matis_monnin\/wp-json\/wp\/v2\/pages\/647\/revisions"}],"predecessor-version":[{"id":974,"href":"https:\/\/mmonnin.eleves.mediamatique.ch\/eportfolio_matis_monnin\/wp-json\/wp\/v2\/pages\/647\/revisions\/974"}],"wp:attachment":[{"href":"https:\/\/mmonnin.eleves.mediamatique.ch\/eportfolio_matis_monnin\/wp-json\/wp\/v2\/media?parent=647"}],"curies":[{"name":"wp","href":"https:\/\/api.w.org\/{rel}","templated":true}]}}